{"id":855,"date":"2026-04-22T19:42:53","date_gmt":"2026-04-22T17:42:53","guid":{"rendered":"https:\/\/wolanet.pl\/?post_type=product&#038;p=855"},"modified":"2026-04-22T20:29:23","modified_gmt":"2026-04-22T18:29:23","slug":"dotykacka","status":"publish","type":"product","link":"https:\/\/wolanet.pl\/?product=dotykacka","title":{"rendered":"Dotyka\u010dka"},"content":{"rendered":"<p class=\"my-2 [&amp;+p]:mt-4 [&amp;_strong:has(+br)]:inline-block [&amp;_strong:has(+br)]:pb-2\"><strong>Dotyka\u010dka<\/strong> to nowoczesny program sprzeda\u017cowy stworzony z my\u015bl\u0105 o firmach, kt\u00f3re chc\u0105 sprzedawa\u0107 szybciej, wygodniej i bez zb\u0119dnych komplikacji. Intuicyjny interfejs, przejrzysta obs\u0142uga i szerokie mo\u017cliwo\u015bci konfiguracji sprawiaj\u0105, \u017ce system doskonale sprawdza si\u0119 w gastronomii, handlu oraz us\u0142ugach. To rozwi\u0105zanie, kt\u00f3re pomaga uporz\u0105dkowa\u0107 prac\u0119 na kasie, przyspieszy\u0107 obs\u0142ug\u0119 klient\u00f3w i zwi\u0119kszy\u0107 komfort codziennego dzia\u0142ania zespo\u0142u.<\/p>\n<p class=\"my-2 [&amp;+p]:mt-4 [&amp;_strong:has(+br)]:inline-block [&amp;_strong:has(+br)]:pb-2\">Program zosta\u0142 zaprojektowany tak, aby wspiera\u0107 biznes zar\u00f3wno na ma\u0142ych stanowiskach sprzeda\u017cy, jak i w bardziej rozbudowanych punktach pracy. Dotyka\u010dka pozwala sprawnie obs\u0142ugiwa\u0107 sprzeda\u017c, kontrolowa\u0107 najwa\u017cniejsze procesy i dostosowa\u0107 system do potrzeb konkretnej bran\u017cy. To praktyczne, nowoczesne i estetyczne rozwi\u0105zanie dla przedsi\u0119biorc\u00f3w, kt\u00f3rzy chc\u0105 postawi\u0107 na technologi\u0119, kt\u00f3ra po prostu dzia\u0142a.<\/p>\n","protected":false},"excerpt":{"rendered":"<p>Dotyka\u010dka to nowoczesny program sprzeda\u017cowy stworzony z my\u015bl\u0105 o firmach, kt\u00f3re chc\u0105 sprzedawa\u0107 szybciej, wygodniej i bez zb\u0119dnych komplikacji. Intuicyjny [&hellip;]<\/p>\n","protected":false},"featured_media":860,"comment_status":"open","ping_status":"closed","template":"","meta":{"site-sidebar-layout":"default","site-content-layout":"","ast-site-content-layout":"default","site-content-style":"default","site-sidebar-style":"default","ast-global-header-display":"","ast-banner-title-visibility":"","ast-main-header-display":"","ast-hfb-above-header-display":"","ast-hfb-below-header-display":"","ast-hfb-mobile-header-display":"","site-post-title":"","ast-breadcrumbs-content":"","ast-featured-img":"","footer-sml-layout":"","theme-transparent-header-meta":"default","adv-header-id-meta":"","stick-header-meta":"","header-above-stick-meta":"","header-main-stick-meta":"","header-below-stick-meta":"","astra-migrate-meta-layouts":"set","ast-page-background-enabled":"default","ast-page-background-meta":{"desktop":{"background-color":"var(--ast-global-color-4)","background-image":"","background-repeat":"repeat","background-position":"center center","background-size":"auto","background-attachment":"scroll","background-type":"","background-media":"","overlay-type":"","overlay-color":"","overlay-opacity":"","overlay-gradient":""},"tablet":{"background-color":"","background-image":"","background-repeat":"repeat","background-position":"center center","background-size":"auto","background-attachment":"scroll","background-type":"","background-media":"","overlay-type":"","overlay-color":"","overlay-opacity":"","overlay-gradient":""},"mobile":{"background-color":"","background-image":"","background-repeat":"repeat","background-position":"center center","background-size":"auto","background-attachment":"scroll","background-type":"","background-media":"","overlay-type":"","overlay-color":"","overlay-opacity":"","overlay-gradient":""}},"ast-content-background-meta":{"desktop":{"background-color":"var(--ast-global-color-5)","background-image":"","background-repeat":"repeat","background-position":"center center","background-size":"auto","background-attachment":"scroll","background-type":"","background-media":"","overlay-type":"","overlay-color":"","overlay-opacity":"","overlay-gradient":""},"tablet":{"background-color":"var(--ast-global-color-5)","background-image":"","background-repeat":"repeat","background-position":"center center","background-size":"auto","background-attachment":"scroll","background-type":"","background-media":"","overlay-type":"","overlay-color":"","overlay-opacity":"","overlay-gradient":""},"mobile":{"background-color":"var(--ast-global-color-5)","background-image":"","background-repeat":"repeat","background-position":"center center","background-size":"auto","background-attachment":"scroll","background-type":"","background-media":"","overlay-type":"","overlay-color":"","overlay-opacity":"","overlay-gradient":""}}},"product_brand":[],"product_cat":[34],"product_tag":[],"class_list":{"0":"post-855","1":"product","2":"type-product","3":"status-publish","4":"has-post-thumbnail","6":"product_cat-dla-gastronomii","7":"desktop-align-left","8":"tablet-align-left","9":"mobile-align-left","11":"first","12":"instock","13":"taxable","14":"shipping-taxable","15":"purchasable","16":"product-type-variable"},"aioseo_notices":[],"jetpack_sharing_enabled":true,"_links":{"self":[{"href":"https:\/\/wolanet.pl\/index.php?rest_route=\/wp\/v2\/product\/855","targetHints":{"allow":["GET"]}}],"collection":[{"href":"https:\/\/wolanet.pl\/index.php?rest_route=\/wp\/v2\/product"}],"about":[{"href":"https:\/\/wolanet.pl\/index.php?rest_route=\/wp\/v2\/types\/product"}],"replies":[{"embeddable":true,"href":"https:\/\/wolanet.pl\/index.php?rest_route=%2Fwp%2Fv2%2Fcomments&post=855"}],"wp:featuredmedia":[{"embeddable":true,"href":"https:\/\/wolanet.pl\/index.php?rest_route=\/wp\/v2\/media\/860"}],"wp:attachment":[{"href":"https:\/\/wolanet.pl\/index.php?rest_route=%2Fwp%2Fv2%2Fmedia&parent=855"}],"wp:term":[{"taxonomy":"product_brand","embeddable":true,"href":"https:\/\/wolanet.pl\/index.php?rest_route=%2Fwp%2Fv2%2Fproduct_brand&post=855"},{"taxonomy":"product_cat","embeddable":true,"href":"https:\/\/wolanet.pl\/index.php?rest_route=%2Fwp%2Fv2%2Fproduct_cat&post=855"},{"taxonomy":"product_tag","embeddable":true,"href":"https:\/\/wolanet.pl\/index.php?rest_route=%2Fwp%2Fv2%2Fproduct_tag&post=855"}],"curies":[{"name":"wp","href":"https:\/\/api.w.org\/{rel}","templated":true}]}}