{"id":607,"date":"2025-07-02T06:25:35","date_gmt":"2025-07-02T04:25:35","guid":{"rendered":"https:\/\/wolanet.pl\/?post_type=product&#038;p=607"},"modified":"2026-02-10T02:29:54","modified_gmt":"2026-02-10T01:29:54","slug":"elzab-jota-online","status":"publish","type":"product","link":"https:\/\/wolanet.pl\/?product=elzab-jota-online","title":{"rendered":"Elzab Jota Online"},"content":{"rendered":"<p>Kasa ELZAB Jota ONLINE to niezawodna kasa fiskalna wyposa\u017cona w trwa\u0142\u0105 klawiatur\u0119 mechaniczn\u0105 oraz 4-liniowy wy\u015bwietlacz kasjera. Konstrukcja oparta o sprawdzone, zaawansowane rozwi\u0105zania systemowe modelu ELZAB Jota z kopi\u0105 elektroniczn\u0105. Przeznaczona do pracy w sklepach spo\u017cywczych, mi\u0119snych, cukierniach, piekarniach, ma\u0142ej gastronomii, szczeg\u00f3lnie tam, gdzie mo\u017cliwa jest praca w sieci LAN\/WAN. Posiada podtrzymanie akumulatorowe, mo\u017ce r\u00f3wnie\u017c pracowa\u0107 zasilana z gniazdka zapalniczki samochodowej. Bogata funkcjonalno\u015b\u0107 ELZAB Joty ONLINE pozwala zarz\u0105dza\u0107 prac\u0105 kasjer\u00f3w oraz prowadzi\u0107 wygodn\u0105 sprzeda\u017c. Prace na kasie usprawniaj\u0105 rozbudowane mo\u017cliwo\u015bci promocji i rabat\u00f3w, wsp\u00f3\u0142praca z wagami i wago-skanerami, terminalem kart p\u0142atniczych, szuflad\u0105, skanerem kod\u00f3w kreskowych oraz wiele sposob\u00f3w komunikacji z komputerem.<br \/>\nELZAB Jota ONLINE wyposa\u017cona jest standardowo w z\u0142\u0105cze LAN, kt\u00f3re mo\u017cna wykorzysta\u0107 do komunikacji z Centralnym Repozytorium Kas. Komunikacj\u0119 z CRK mo\u017cemy rozszerzy\u0107 o po\u0142\u0105czenie bezprzewodowe wyposa\u017caj\u0105c kas\u0119 w dodatkowe akcesorium. Modu\u0142 Bluetooth\/ WiFi opr\u00f3cz komunikacji z CRK, mo\u017ce by\u0107 wykorzystywany do zapewnienia komunikacji kasy i terminala kart p\u0142atniczych, czytnika kod\u00f3w kreskowych lub komputera.<\/p>\n","protected":false},"excerpt":{"rendered":"<p>Kasa ELZAB Jota ONLINE to niezawodna kasa fiskalna wyposa\u017cona w trwa\u0142\u0105 klawiatur\u0119 mechaniczn\u0105 oraz 4-liniowy wy\u015bwietlacz kasjera. Konstrukcja oparta o sprawdzone, zaawansowane rozwi\u0105zania systemowe modelu ELZAB Jota z kopi\u0105 elektroniczn\u0105. Przeznaczona do pracy w sklepach spo\u017cywczych, mi\u0119snych, cukierniach, piekarniach, ma\u0142ej gastronomii, szczeg\u00f3lnie tam, gdzie mo\u017cliwa jest praca w sieci LAN\/WAN. Posiada podtrzymanie akumulatorowe, mo\u017ce r\u00f3wnie\u017c pracowa\u0107 zasilana z gniazdka zapalniczki samochodowej.<\/p>\n","protected":false},"featured_media":621,"comment_status":"open","ping_status":"closed","template":"","meta":{"site-sidebar-layout":"default","site-content-layout":"","ast-site-content-layout":"default","site-content-style":"default","site-sidebar-style":"default","ast-global-header-display":"","ast-banner-title-visibility":"","ast-main-header-display":"","ast-hfb-above-header-display":"","ast-hfb-below-header-display":"","ast-hfb-mobile-header-display":"","site-post-title":"","ast-breadcrumbs-content":"","ast-featured-img":"","footer-sml-layout":"","theme-transparent-header-meta":"default","adv-header-id-meta":"","stick-header-meta":"","header-above-stick-meta":"","header-main-stick-meta":"","header-below-stick-meta":"","astra-migrate-meta-layouts":"set","ast-page-background-enabled":"default","ast-page-background-meta":{"desktop":{"background-color":"var(--ast-global-color-4)","background-image":"","background-repeat":"repeat","background-position":"center center","background-size":"auto","background-attachment":"scroll","background-type":"","background-media":"","overlay-type":"","overlay-color":"","overlay-opacity":"","overlay-gradient":""},"tablet":{"background-color":"","background-image":"","background-repeat":"repeat","background-position":"center center","background-size":"auto","background-attachment":"scroll","background-type":"","background-media":"","overlay-type":"","overlay-color":"","overlay-opacity":"","overlay-gradient":""},"mobile":{"background-color":"","background-image":"","background-repeat":"repeat","background-position":"center center","background-size":"auto","background-attachment":"scroll","background-type":"","background-media":"","overlay-type":"","overlay-color":"","overlay-opacity":"","overlay-gradient":""}},"ast-content-background-meta":{"desktop":{"background-color":"var(--ast-global-color-5)","background-image":"","background-repeat":"repeat","background-position":"center center","background-size":"auto","background-attachment":"scroll","background-type":"","background-media":"","overlay-type":"","overlay-color":"","overlay-opacity":"","overlay-gradient":""},"tablet":{"background-color":"var(--ast-global-color-5)","background-image":"","background-repeat":"repeat","background-position":"center center","background-size":"auto","background-attachment":"scroll","background-type":"","background-media":"","overlay-type":"","overlay-color":"","overlay-opacity":"","overlay-gradient":""},"mobile":{"background-color":"var(--ast-global-color-5)","background-image":"","background-repeat":"repeat","background-position":"center center","background-size":"auto","background-attachment":"scroll","background-type":"","background-media":"","overlay-type":"","overlay-color":"","overlay-opacity":"","overlay-gradient":""}}},"product_brand":[],"product_cat":[26],"product_tag":[],"class_list":{"0":"post-607","1":"product","2":"type-product","3":"status-publish","4":"has-post-thumbnail","6":"product_cat-srednie","7":"desktop-align-left","8":"tablet-align-left","9":"mobile-align-left","11":"first","12":"instock","13":"taxable","14":"shipping-taxable","15":"purchasable","16":"product-type-variable"},"aioseo_notices":[],"jetpack_sharing_enabled":true,"_links":{"self":[{"href":"https:\/\/wolanet.pl\/index.php?rest_route=\/wp\/v2\/product\/607","targetHints":{"allow":["GET"]}}],"collection":[{"href":"https:\/\/wolanet.pl\/index.php?rest_route=\/wp\/v2\/product"}],"about":[{"href":"https:\/\/wolanet.pl\/index.php?rest_route=\/wp\/v2\/types\/product"}],"replies":[{"embeddable":true,"href":"https:\/\/wolanet.pl\/index.php?rest_route=%2Fwp%2Fv2%2Fcomments&post=607"}],"wp:featuredmedia":[{"embeddable":true,"href":"https:\/\/wolanet.pl\/index.php?rest_route=\/wp\/v2\/media\/621"}],"wp:attachment":[{"href":"https:\/\/wolanet.pl\/index.php?rest_route=%2Fwp%2Fv2%2Fmedia&parent=607"}],"wp:term":[{"taxonomy":"product_brand","embeddable":true,"href":"https:\/\/wolanet.pl\/index.php?rest_route=%2Fwp%2Fv2%2Fproduct_brand&post=607"},{"taxonomy":"product_cat","embeddable":true,"href":"https:\/\/wolanet.pl\/index.php?rest_route=%2Fwp%2Fv2%2Fproduct_cat&post=607"},{"taxonomy":"product_tag","embeddable":true,"href":"https:\/\/wolanet.pl\/index.php?rest_route=%2Fwp%2Fv2%2Fproduct_tag&post=607"}],"curies":[{"name":"wp","href":"https:\/\/api.w.org\/{rel}","templated":true}]}}