{"id":588,"date":"2025-07-02T06:05:24","date_gmt":"2025-07-02T04:05:24","guid":{"rendered":"https:\/\/wolanet.pl\/?post_type=product&#038;p=588"},"modified":"2026-04-02T23:20:04","modified_gmt":"2026-04-02T21:20:04","slug":"novitus-hd-ii-online","status":"publish","type":"product","link":"https:\/\/wolanet.pl\/?product=novitus-hd-ii-online","title":{"rendered":"Novitus HD II Online"},"content":{"rendered":"<p>Model Novitus HD II Online to nowa ods\u0142ona niezwykle trwa\u0142ej i szybkiej drukarki fiskalnej do zada\u0144 specjalnych, wyposa\u017conej w kolorowy wy\u015bwietlacz TFT pracuj\u0105cy w trybie High Color z mo\u017cliwo\u015bci\u0105 wy\u015bwietlania film\u00f3w reklamowych. Unikalne rozwi\u0105zanie zastosowane w drukarce pozwalaj\u0105ce na wy\u015bwietlanie animowanych reklam i komunikat\u00f3w na wy\u015bwietlaczu klienta. Dzi\u0119ki temu urz\u0105dzenie mo\u017ce sta\u0107 si\u0119 tak\u017ce no\u015bnikiem reklamowym w punkcie sprzeda\u017cy. Jest to wszechstronna drukarka online obs\u0142uguj\u0105ca komunikacj\u0119 z Centralnym Repozytorium Kas (CRK). Niew\u0105tpliw\u0105 zalet\u0105 drukari Novitus HD II Online jest mo\u017cliwo\u015b\u0107 rezygnacji z papierowego wydruku i pe\u0142na obs\u0142uga e-paragonu, a dzi\u0119ki temu ni\u017csze koszty u\u017cytkowania urz\u0105dzenia. Drukarka mo\u017ce pracowa\u0107 w trzech kategoriach: jako urz\u0105dzenie og\u00f3lnego zastosowania, jako wersja apteczna lub jako bileterka. Wyboru kategorii pomi\u0119dzy &#8222;og\u00f3ln\u0105&#8221; a &#8222;bileterk\u0105&#8221; mo\u017ce dokona\u0107 serwisant podczas fiskalziacji. Wersja Apteczna jest oddzielnym modelem drukarki Novitus HD II Online. Domy\u015b\u0142nie drukarka komunikuje si\u0119 poprzez port USB (mo\u017cliwo\u015b\u0107 zmiany na RS232, LAN, WiFi lub BT) a w pude\u0142ku wraz z drukark\u0105 dostarczany jest wysokiej klasy kabel USB.<\/p>\n","protected":false},"excerpt":{"rendered":"<p>Model Novitus HD II Online to nowa ods\u0142ona niezwykle trwa\u0142ej i szybkiej drukarki fiskalnej do zada\u0144 specjalnych, wyposa\u017conej w kolorowy wy\u015bwietlacz TFT pracuj\u0105cy w trybie High Color z mo\u017cliwo\u015bci\u0105 wy\u015bwietlania film\u00f3w reklamowych. Unikalne rozwi\u0105zanie zastosowane w drukarce pozwalaj\u0105ce na wy\u015bwietlanie animowanych reklam i komunikat\u00f3w na wy\u015bwietlaczu klienta. Dzi\u0119ki temu urz\u0105dzenie mo\u017ce sta\u0107 si\u0119 tak\u017ce no\u015bnikiem reklamowym w punkcie sprzeda\u017cy. Jest to wszechstronna drukarka online obs\u0142uguj\u0105ca komunikacj\u0119 z Centralnym Repozytorium Kas (CRK).<\/p>\n","protected":false},"featured_media":625,"comment_status":"open","ping_status":"closed","template":"","meta":{"site-sidebar-layout":"default","site-content-layout":"","ast-site-content-layout":"default","site-content-style":"default","site-sidebar-style":"default","ast-global-header-display":"","ast-banner-title-visibility":"","ast-main-header-display":"","ast-hfb-above-header-display":"","ast-hfb-below-header-display":"","ast-hfb-mobile-header-display":"","site-post-title":"","ast-breadcrumbs-content":"","ast-featured-img":"","footer-sml-layout":"","theme-transparent-header-meta":"default","adv-header-id-meta":"","stick-header-meta":"","header-above-stick-meta":"","header-main-stick-meta":"","header-below-stick-meta":"","astra-migrate-meta-layouts":"set","ast-page-background-enabled":"default","ast-page-background-meta":{"desktop":{"background-color":"var(--ast-global-color-4)","background-image":"","background-repeat":"repeat","background-position":"center center","background-size":"auto","background-attachment":"scroll","background-type":"","background-media":"","overlay-type":"","overlay-color":"","overlay-opacity":"","overlay-gradient":""},"tablet":{"background-color":"","background-image":"","background-repeat":"repeat","background-position":"center center","background-size":"auto","background-attachment":"scroll","background-type":"","background-media":"","overlay-type":"","overlay-color":"","overlay-opacity":"","overlay-gradient":""},"mobile":{"background-color":"","background-image":"","background-repeat":"repeat","background-position":"center center","background-size":"auto","background-attachment":"scroll","background-type":"","background-media":"","overlay-type":"","overlay-color":"","overlay-opacity":"","overlay-gradient":""}},"ast-content-background-meta":{"desktop":{"background-color":"var(--ast-global-color-5)","background-image":"","background-repeat":"repeat","background-position":"center center","background-size":"auto","background-attachment":"scroll","background-type":"","background-media":"","overlay-type":"","overlay-color":"","overlay-opacity":"","overlay-gradient":""},"tablet":{"background-color":"var(--ast-global-color-5)","background-image":"","background-repeat":"repeat","background-position":"center center","background-size":"auto","background-attachment":"scroll","background-type":"","background-media":"","overlay-type":"","overlay-color":"","overlay-opacity":"","overlay-gradient":""},"mobile":{"background-color":"var(--ast-global-color-5)","background-image":"","background-repeat":"repeat","background-position":"center center","background-size":"auto","background-attachment":"scroll","background-type":"","background-media":"","overlay-type":"","overlay-color":"","overlay-opacity":"","overlay-gradient":""}}},"product_brand":[],"product_cat":[23],"product_tag":[],"class_list":{"0":"post-588","1":"product","2":"type-product","3":"status-publish","4":"has-post-thumbnail","6":"product_cat-drukarki-fiskalne-novitus","7":"desktop-align-left","8":"tablet-align-left","9":"mobile-align-left","11":"first","12":"instock","13":"taxable","14":"shipping-taxable","15":"purchasable","16":"product-type-variable"},"aioseo_notices":[],"jetpack_sharing_enabled":true,"_links":{"self":[{"href":"https:\/\/wolanet.pl\/index.php?rest_route=\/wp\/v2\/product\/588","targetHints":{"allow":["GET"]}}],"collection":[{"href":"https:\/\/wolanet.pl\/index.php?rest_route=\/wp\/v2\/product"}],"about":[{"href":"https:\/\/wolanet.pl\/index.php?rest_route=\/wp\/v2\/types\/product"}],"replies":[{"embeddable":true,"href":"https:\/\/wolanet.pl\/index.php?rest_route=%2Fwp%2Fv2%2Fcomments&post=588"}],"wp:featuredmedia":[{"embeddable":true,"href":"https:\/\/wolanet.pl\/index.php?rest_route=\/wp\/v2\/media\/625"}],"wp:attachment":[{"href":"https:\/\/wolanet.pl\/index.php?rest_route=%2Fwp%2Fv2%2Fmedia&parent=588"}],"wp:term":[{"taxonomy":"product_brand","embeddable":true,"href":"https:\/\/wolanet.pl\/index.php?rest_route=%2Fwp%2Fv2%2Fproduct_brand&post=588"},{"taxonomy":"product_cat","embeddable":true,"href":"https:\/\/wolanet.pl\/index.php?rest_route=%2Fwp%2Fv2%2Fproduct_cat&post=588"},{"taxonomy":"product_tag","embeddable":true,"href":"https:\/\/wolanet.pl\/index.php?rest_route=%2Fwp%2Fv2%2Fproduct_tag&post=588"}],"curies":[{"name":"wp","href":"https:\/\/api.w.org\/{rel}","templated":true}]}}