{"id":554,"date":"2025-06-23T16:13:54","date_gmt":"2025-06-23T14:13:54","guid":{"rendered":"https:\/\/wolanet.pl\/?post_type=product&#038;p=554"},"modified":"2025-07-09T11:07:51","modified_gmt":"2025-07-09T09:07:51","slug":"fawag-box-online","status":"publish","type":"product","link":"https:\/\/wolanet.pl\/?product=fawag-box-online","title":{"rendered":"Fawag Box Online"},"content":{"rendered":"<p>Fawag box oferuje bogat\u0105 gam\u0119 wydruk\u00f3w. Urz\u0105dzenie drukuje m.in. grafiki na paragonie, faktury, kody jednowymiarowe oraz kody QR. Drukarka jest produktem w pe\u0142ni nowoczesnym. Ma m.in. funkcjonalno\u015bci pozwalaj\u0105ce jej przesy\u0142a\u0107 e-paragony do klient\u00f3w. Fawag box ma mechanizm drukuj\u0105cy w systemie drop-in, oferuj\u0105cy 80 znak\u00f3w na nazw\u0119 towar\u00f3w oraz drukuj\u0105cy 20 linii na sekund\u0119. Fawag box posiada czytelny, graficzny i zintegrowany z obudow\u0105 wy\u015bwietlacz LCD (192&#215;64 pikseli).To zapewnia klarowno\u015b\u0107 wszelkich przeprowadzanych transakcji. U\u017cytkownik mo\u017ce ca\u0142kowicie bezpiecznie zasila\u0107 urz\u0105dzenie. Drukarka ma wbudowany akumulator 6V, a \u0142adowanie odbywa si\u0119 po USB z komputera.<\/p>\n","protected":false},"excerpt":{"rendered":"<p>Fawag box to pierwsza drukarka fiskalna sygnowana mark\u0105 Fawag. To urz\u0105dzenie o niedu\u017cych gabarytach i minimalistycznym, eleganckim designie. Fawag box jest intuicyjne w obs\u0142udze, komfortowe w u\u017cytkowaniu i oferuje wszystkie niezb\u0119dne funkcje. Drukarka jest znakomitym wsparciem fiskalnym dla niedu\u017cych punkt\u00f3w handlowo-us\u0142ugowych.<\/p>\n","protected":false},"featured_media":635,"comment_status":"open","ping_status":"closed","template":"","meta":{"site-sidebar-layout":"default","site-content-layout":"","ast-site-content-layout":"default","site-content-style":"default","site-sidebar-style":"default","ast-global-header-display":"","ast-banner-title-visibility":"","ast-main-header-display":"","ast-hfb-above-header-display":"","ast-hfb-below-header-display":"","ast-hfb-mobile-header-display":"","site-post-title":"","ast-breadcrumbs-content":"","ast-featured-img":"","footer-sml-layout":"","theme-transparent-header-meta":"default","adv-header-id-meta":"","stick-header-meta":"","header-above-stick-meta":"","header-main-stick-meta":"","header-below-stick-meta":"","astra-migrate-meta-layouts":"set","ast-page-background-enabled":"default","ast-page-background-meta":{"desktop":{"background-color":"var(--ast-global-color-4)","background-image":"","background-repeat":"repeat","background-position":"center center","background-size":"auto","background-attachment":"scroll","background-type":"","background-media":"","overlay-type":"","overlay-color":"","overlay-opacity":"","overlay-gradient":""},"tablet":{"background-color":"","background-image":"","background-repeat":"repeat","background-position":"center center","background-size":"auto","background-attachment":"scroll","background-type":"","background-media":"","overlay-type":"","overlay-color":"","overlay-opacity":"","overlay-gradient":""},"mobile":{"background-color":"","background-image":"","background-repeat":"repeat","background-position":"center center","background-size":"auto","background-attachment":"scroll","background-type":"","background-media":"","overlay-type":"","overlay-color":"","overlay-opacity":"","overlay-gradient":""}},"ast-content-background-meta":{"desktop":{"background-color":"var(--ast-global-color-5)","background-image":"","background-repeat":"repeat","background-position":"center center","background-size":"auto","background-attachment":"scroll","background-type":"","background-media":"","overlay-type":"","overlay-color":"","overlay-opacity":"","overlay-gradient":""},"tablet":{"background-color":"var(--ast-global-color-5)","background-image":"","background-repeat":"repeat","background-position":"center center","background-size":"auto","background-attachment":"scroll","background-type":"","background-media":"","overlay-type":"","overlay-color":"","overlay-opacity":"","overlay-gradient":""},"mobile":{"background-color":"var(--ast-global-color-5)","background-image":"","background-repeat":"repeat","background-position":"center center","background-size":"auto","background-attachment":"scroll","background-type":"","background-media":"","overlay-type":"","overlay-color":"","overlay-opacity":"","overlay-gradient":""}}},"product_brand":[],"product_cat":[21],"product_tag":[],"class_list":{"0":"post-554","1":"product","2":"type-product","3":"status-publish","4":"has-post-thumbnail","6":"product_cat-drukarki-fiskalne-posnet","7":"desktop-align-left","8":"tablet-align-left","9":"mobile-align-left","11":"first","12":"instock","13":"taxable","14":"shipping-taxable","15":"purchasable","16":"product-type-simple"},"aioseo_notices":[],"jetpack_sharing_enabled":true,"_links":{"self":[{"href":"https:\/\/wolanet.pl\/index.php?rest_route=\/wp\/v2\/product\/554","targetHints":{"allow":["GET"]}}],"collection":[{"href":"https:\/\/wolanet.pl\/index.php?rest_route=\/wp\/v2\/product"}],"about":[{"href":"https:\/\/wolanet.pl\/index.php?rest_route=\/wp\/v2\/types\/product"}],"replies":[{"embeddable":true,"href":"https:\/\/wolanet.pl\/index.php?rest_route=%2Fwp%2Fv2%2Fcomments&post=554"}],"wp:featuredmedia":[{"embeddable":true,"href":"https:\/\/wolanet.pl\/index.php?rest_route=\/wp\/v2\/media\/635"}],"wp:attachment":[{"href":"https:\/\/wolanet.pl\/index.php?rest_route=%2Fwp%2Fv2%2Fmedia&parent=554"}],"wp:term":[{"taxonomy":"product_brand","embeddable":true,"href":"https:\/\/wolanet.pl\/index.php?rest_route=%2Fwp%2Fv2%2Fproduct_brand&post=554"},{"taxonomy":"product_cat","embeddable":true,"href":"https:\/\/wolanet.pl\/index.php?rest_route=%2Fwp%2Fv2%2Fproduct_cat&post=554"},{"taxonomy":"product_tag","embeddable":true,"href":"https:\/\/wolanet.pl\/index.php?rest_route=%2Fwp%2Fv2%2Fproduct_tag&post=554"}],"curies":[{"name":"wp","href":"https:\/\/api.w.org\/{rel}","templated":true}]}}